0417339 a composite number?
True
Is 30138713567 a composite number?
False
Is 270471957463 a prime number?
True
Is 1218331747 composite?
True
Is 122447594293 composite?
False
Is 39439730179 composite?
False
Is 503356841 a prime number?
False
Is 892575511 prime?
True
Is 320330287738 a prime number?
False
Is 1679281739 composite?
True
Is 752201369 prime?
True
Is 3665659807 a composite number?
False
Is 128257133 prime?
False
Is 3660730459 a prime number?
True
Is 224604943 a prime number?
False
Is 454402153 a composite number?
False
Is 31713307 a composite number?
False
Is 379119931 a prime number?
True
Is 513064147 a prime number?
True
Is 21856451099 a prime number?
False
Is 451923029 a composite number?
False
Is 1703272861 composite?
True
Is 110658207071 prime?
True
Is 341484926529 prime?
False
Is 18810247219 a prime number?
False
Is 684929057 composite?
True
Is 22677709423 prime?
True
Is 47739599 a prime number?
False
Is 6915484199 composite?
True
Is 1145954471 composite?
False
Is 645739541 a prime number?
True
Is 12491796839 prime?
False
Is 219732221 composite?
False
Is 15804066973 composite?
True
Is 169053337 prime?
True
Is 4098786487 a prime number?
True
Is 13557709213 composite?
True
Is 435599083 a prime number?
True
Is 3282031699 composite?
True
Is 424017557 composite?
False
Is 11752224023 a prime number?
False
Is 3961596323 composite?
True
Is 12250998413 composite?
False
Is 28281758003 prime?
False
Is 14398594367 a prime number?
False
Is 377828579 prime?
True
Is 39022674934 prime?
False
Is 3688815959 composite?
False
Is 15303605881 a prime number?
False
Is 499131319 prime?
True
Is 1308277343 a composite number?
False
Is 7250082409 composite?
True
Is 60222303899 a composite number?
False
Is 574349291 prime?
True
Is 6067175843 prime?
True
Is 1643549351 prime?
False
Is 22987657753 a prime number?
True
Is 1315539593 composite?
False
Is 3377028079 composite?
False
Is 1027214371 composite?
False
Is 629971297 composite?
False
Is 1158066451 a composite number?
True
Is 1003324897 prime?
True
Is 9114040547 composite?
True
Is 72761131099 a prime number?
True
Is 23933901689 a prime number?
False
Is 28192084721 prime?
True
Is 2389078687 a composite number?
True
Is 218667847 prime?
True
Is 814832393 composite?
False
Is 220031479 composite?
False
Is 193342343 a prime number?
False
Is 85969937 composite?
False
Is 12528843043 composite?
True
Is 33185409811 prime?
True
Is 3453032227 prime?
False
Is 3242922457 a composite number?
False
Is 1067191357 a composite number?
True
Is 3570577597 composite?
False
Is 2621804567 prime?
True
Is 8931420419 a composite number?
True
Is 11088891173 a prime number?
True
Is 33292133 a prime number?
False
Is 19649127011 a composite number?
False
Is 3847953301 a composite number?
True
Is 1643989531 composite?
False
Is 955453001 composite?
True
Is 716083133 a prime number?
True
Is 9399109 a prime number?
True
Is 364568537 composite?
False
Is 21421054871 a prime number?
True
Is 189095444977 a composite number?
False
Is 167177441 a prime number?
True
Is 1796687 prime?
False
Is 915980449 composite?
True
Is 66300522061 prime?
True
Is 13117588529 composite?
True
Is 1869512297 a composite number?
False
Is 40166333006 composite?
True
Is 1545869833 a prime number?
True
Is 24922936393 composite?
False
Is 4991572279 a composite number?
False
Is 25694011081 composite?
True
Is 1465724323 a prime number?
False
Is 9535681579 a composite number?
True
Is 5434733839 composite?
True
Is 53715733583 a prime number?
True
Is 713226299 a prime number?
False
Is 7499615287 prime?
True
Is 132576076577 composite?
True
Is 48344404981 prime?
False
Is 353980423 prime?
True
Is 2145421639 prime?
False
Is 64923371 composite?
False
Is 2583567761 a composite number?
False
Is 923369527 a composite number?
True
Is 945334813 composite?
False
Is 1003036033 prime?
True
Is 242746331 composite?
True
Is 379705219 a prime number?
True
Is 4759161193 composite?
True
Is 76860967 a prime number?
True
Is 5218017731 composite?
False
Is 11036909333 composite?
True
Is 4519598789 composite?
False
Is 1332949763 prime?
True
Is 1441108793 prime?
False
Is 32977583129 a prime number?
True
Is 52657046909 a prime number?
True
Is 1614927037 prime?
False
Is 6149920609 prime?
False
Is 5947053991 a composite number?
False
Is 13373415917 prime?
False
Is 4660928533 a prime number?
True
Is 1467335915 composite?
True
Is 4191965347 a composite number?
False
Is 4732879559 a prime number?
False
Is 3107517109 composite?
False
Is 570411113 prime?
True
Is 9094039219 composite?
True
Is 1403599291 composite?
True
Is 77831370629 prime?
True
Is 27696615751 composite?
True
Is 964459063 composite?
True
Is 91713611501 a prime number?
False
Is 29766463151 prime?
True
Is 2029990033 composite?
True
Is 2084957441 a prime number?
False
Is 1808882717 prime?
False
Is 81098198833 a prime number?
False
Is 58563127 a prime number?
False
Is 65589011 a prime number?
True
Is 1131774529 a composite number?
False
Is 541627199 prime?
True
Is 220326047 prime?
False
Is 1728293065 composite?
True
Is 13107047 prime?
False
Is 1209189595 a prime number?
False
Is 147087475027 composite?
False
Is 94125060541 a prime number?
False
Is 232204439 composite?
True
Is 2579358883 composite?
False
Is 330055087 a composite number?
False
Is 403125865 composite?
True
Is 39954767 a prime number?
True
Is 3124531257 composite?
True
Is 678835778 prime?
False
Is 23508322531 a composite number?
False
Is 414956393471 a prime number?
True
Is 5606340023 a composite number?
False
Is 4363104023 a prime number?
False
Is 3270652867 a composite number?
True
Is 10817921809 prime?
True
Is 1523892709 a prime number?
True
Is 39332529919 a composite number?
False
Is 218744171 prime?
True
Is 37571319151 composite?
False
Is 380485943 composite?
True
Is 3480480649 a prime number?
False
Is 1247364799 prime?
True
Is 531343283 composite?
False
Is 1335774149 prime?
True
Is 1010110279 a composite number?
True
Is 2576654761 a composite number?
False
Is 37353854039 a prime number?
False
Is 447228409 prime?
False
Is 165204911 a prime number?
True
Is 3252020693 a prime number?
False
Is 5734458679 a composite number?
False
Is 62987130383 a prime number?
True
Is 10798046489 composite?
False
Is 58074278477 prime?
True
Is 837570523 prime?
False
Is 3160084229 prime?
False
Is 1026689123 a composite number?
True
Is 92034489 a composite number?
True
Is 3442621783 a prime number?
True
Is 3985472539 a composite number?
False
Is 1128481943 prime?
True
Is 2310927259 a prime number?
False
Is 1579728433 composite?
False
Is 4321101899 prime?
True
Is 172988371 composite?
True
Is 8587421263 composite?
False
Is 5649801659 a composite number?
False
Is 4061118913 composite?
False
Is 457159371 composite?
True
Is 55772969585 composite?
True
Is 1186360639 a composite number?
True
Is 6190723223 a prime number?
True
Is 1984478773 composite?
True
Is 3354015359 a prime number?
True
Is 68283086147 composite?
False
Is 249319731 a composite number?
True
Is 177150641527 a composite number?
False
Is 632787663 a composite number?
True
Is 10152475753 a composite number?
True
Is 36360731117 a composite number?
False
Is 1232868947 composite?
False
Is 7653533117 a composite number?
True
Is 141103663 a composite number?
False
Is 27292390681 a composite number?
True
Is 55392847067 a prime number?
False
Is 98396502359 composite?
False
Is 1723676797 a composite number?
False
Is 75551470073 a composite number?
True
Is 7024961681 prime?
True
Is 26252038061 a composite number?
True
Is 1040489959 prime?
False
Is 2926705871 prime?
True
Is 1708475942 a composite number?
True
Is 40673495279 a composite number?
False
Is 10307400461 a composite number?
False
Is 84977591 composite?
True
Is 56227705099 prime?
False
Is 2012158703 a composite number?
True
Is 97630884277 a composite number?
True
Is 1243719107 prime?
False
Is 489932237 prime?
False
Is 8405134483 prime?
False
Is 730484449 a composite number?
False
Is 94683930203 a prime number?
True
Is 105210015901 prime?
True
Is 14370461251 a composite number?
True
Is 11709595133 prime?
False
Is 309806401 prime?
False
Is 61604333101 a composite number?
True
Is 496258163 a prime number?
False
Is 893499959 prime?
False
Is 8392393231 a composite number?
True
Is 22995874203 pri